[INFO] fetching crate zkp-stark 0.2.1...
[INFO] checking zkp-stark-0.2.1 against master#e6e4f7ed1589e03bc2f6c5931c1a72e7947e8682 for beta-170-4
[INFO] extracting crate zkp-stark 0.2.1 into /workspace/builds/worker-5-tc2/source
[INFO] validating manifest of crates.io crate zkp-stark 0.2.1 on toolchain e6e4f7ed1589e03bc2f6c5931c1a72e7947e8682
[INFO] running `Command { std: CARGO_HOME="/workspace/cargo-home" RUSTUP_HOME="/workspace/rustup-home" "/workspace/cargo-home/bin/cargo" "+e6e4f7ed1589e03bc2f6c5931c1a72e7947e8682" "metadata" "--manifest-path" "Cargo.toml" "--no-deps", kill_on_drop: false }`
[INFO] started tweaking crates.io crate zkp-stark 0.2.1
[INFO] finished tweaking crates.io crate zkp-stark 0.2.1
[INFO] tweaked toml for crates.io crate zkp-stark 0.2.1 written to /workspace/builds/worker-5-tc2/source/Cargo.toml
[INFO] crate crates.io crate zkp-stark 0.2.1 already has a lockfile, it will not be regenerated
[INFO] running `Command { std: CARGO_HOME="/workspace/cargo-home" RUSTUP_HOME="/workspace/rustup-home" "/workspace/cargo-home/bin/cargo" "+e6e4f7ed1589e03bc2f6c5931c1a72e7947e8682" "fetch" "--manifest-path" "Cargo.toml", kill_on_drop: false }`
[INFO] running `Command { std: "docker" "create" "-v" "/var/lib/crater-agent-workspace/builds/worker-5-tc2/target:/opt/rustwide/target:rw,Z" "-v" "/var/lib/crater-agent-workspace/builds/worker-5-tc2/source:/opt/rustwide/workdir:ro,Z" "-v" "/var/lib/crater-agent-workspace/cargo-home:/opt/rustwide/cargo-home:ro,Z" "-v" "/var/lib/crater-agent-workspace/rustup-home:/opt/rustwide/rustup-home:ro,Z" "-e" "SOURCE_DIR=/opt/rustwide/workdir" "-e" "CARGO_TARGET_DIR=/opt/rustwide/target" "-e" "CARGO_HOME=/opt/rustwide/cargo-home" "-e" "RUSTUP_HOME=/opt/rustwide/rustup-home" "-w" "/opt/rustwide/workdir" "-m" "1610612736" "--user" "0:0" "--network" "none" "ghcr.io/rust-lang/crates-build-env/linux@sha256:19e73879b68f455e41552ea35293514db52ea292d993f571636dbffedb77a1ee" "/opt/rustwide/cargo-home/bin/cargo" "+e6e4f7ed1589e03bc2f6c5931c1a72e7947e8682" "metadata" "--no-deps" "--format-version=1", kill_on_drop: false }`
[INFO] [stdout] e594c5caefcd27eb8a45f3ee88ffc15f38c7ac4a3264ccb5b5301fd97e5e409c
[INFO] running `Command { std: "docker" "start" "-a" "e594c5caefcd27eb8a45f3ee88ffc15f38c7ac4a3264ccb5b5301fd97e5e409c", kill_on_drop: false }`
[INFO] running `Command { std: "docker" "inspect" "e594c5caefcd27eb8a45f3ee88ffc15f38c7ac4a3264ccb5b5301fd97e5e409c", kill_on_drop: false }`
[INFO] running `Command { std: "docker" "rm" "-f" "e594c5caefcd27eb8a45f3ee88ffc15f38c7ac4a3264ccb5b5301fd97e5e409c", kill_on_drop: false }`
[INFO] [stdout] e594c5caefcd27eb8a45f3ee88ffc15f38c7ac4a3264ccb5b5301fd97e5e409c
[INFO] running `Command { std: "docker" "create" "-v" "/var/lib/crater-agent-workspace/builds/worker-5-tc2/target:/opt/rustwide/target:rw,Z" "-v" "/var/lib/crater-agent-workspace/builds/worker-5-tc2/source:/opt/rustwide/workdir:ro,Z" "-v" "/var/lib/crater-agent-workspace/cargo-home:/opt/rustwide/cargo-home:ro,Z" "-v" "/var/lib/crater-agent-workspace/rustup-home:/opt/rustwide/rustup-home:ro,Z" "-e" "SOURCE_DIR=/opt/rustwide/workdir" "-e" "CARGO_TARGET_DIR=/opt/rustwide/target" "-e" "CARGO_INCREMENTAL=0" "-e" "RUST_BACKTRACE=full" "-e" "RUSTFLAGS=--cap-lints=forbid" "-e" "RUSTDOCFLAGS=--cap-lints=forbid" "-e" "CARGO_HOME=/opt/rustwide/cargo-home" "-e" "RUSTUP_HOME=/opt/rustwide/rustup-home" "-w" "/opt/rustwide/workdir" "-m" "1610612736" "--user" "0:0" "--network" "none" "ghcr.io/rust-lang/crates-build-env/linux@sha256:19e73879b68f455e41552ea35293514db52ea292d993f571636dbffedb77a1ee" "/opt/rustwide/cargo-home/bin/cargo" "+e6e4f7ed1589e03bc2f6c5931c1a72e7947e8682" "check" "--frozen" "--all" "--all-targets" "--message-format=json", kill_on_drop: false }`
[INFO] [stdout] d5e3dc5a093c2684f0a485ad62067acc76521c89b81e4f4e27bc8fcd00b7212f
[INFO] running `Command { std: "docker" "start" "-a" "d5e3dc5a093c2684f0a485ad62067acc76521c89b81e4f4e27bc8fcd00b7212f", kill_on_drop: false }`
[INFO] [stderr]    Compiling libc v0.2.79
[INFO] [stderr]    Compiling proc-macro2 v1.0.24
[INFO] [stderr]    Compiling unicode-xid v0.2.1
[INFO] [stderr]     Checking cfg-if v0.1.10
[INFO] [stderr]    Compiling syn v1.0.45
[INFO] [stderr]    Compiling serde_derive v1.0.117
[INFO] [stderr]    Compiling serde v1.0.117
[INFO] [stderr]    Compiling autocfg v0.1.7
[INFO] [stderr]    Compiling getrandom v0.1.15
[INFO] [stderr]    Compiling byteorder v1.3.4
[INFO] [stderr]    Compiling maybe-uninit v2.0.0
[INFO] [stderr]    Compiling bitflags v1.2.1
[INFO] [stderr]     Checking either v1.6.1
[INFO] [stderr]    Compiling crossbeam-utils v0.7.2
[INFO] [stderr]    Compiling memoffset v0.5.6
[INFO] [stderr]    Compiling crossbeam-epoch v0.8.2
[INFO] [stderr]    Compiling num-traits v0.2.12
[INFO] [stderr]     Checking ppv-lite86 v0.2.9
[INFO] [stderr]     Checking regex-syntax v0.6.20
[INFO] [stderr]    Compiling rayon-core v1.8.1
[INFO] [stderr]    Compiling proc-macro2 v0.4.30
[INFO] [stderr]    Compiling rand_pcg v0.1.2
[INFO] [stderr]    Compiling rand_chacha v0.1.1
[INFO] [stderr]    Compiling log v0.4.11
[INFO] [stderr]     Checking quick-error v1.2.3
[INFO] [stderr]    Compiling unicode-xid v0.1.0
[INFO] [stderr]    Compiling rand v0.6.5
[INFO] [stderr]     Checking itertools v0.9.0
[INFO] [stderr]    Compiling rayon v1.4.1
[INFO] [stderr]    Compiling memchr v2.3.3
[INFO] [stderr]    Compiling syn v0.15.44
[INFO] [stderr]    Compiling crunchy v0.2.2
[INFO] [stderr]     Checking remove_dir_all v0.5.3
[INFO] [stderr]    Compiling hex v0.4.2
[INFO] [stderr]     Checking bit-vec v0.6.2
[INFO] [stderr]     Checking crossbeam-channel v0.4.4
[INFO] [stderr]     Checking radium v0.3.0
[INFO] [stderr]    Compiling quote v1.0.7
[INFO] [stderr]     Checking byte-slice-cast v0.3.5
[INFO] [stderr]     Checking bit-set v0.5.2
[INFO] [stderr]     Checking no-std-compat v0.4.1
[INFO] [stderr]     Checking bitvec v0.17.4
[INFO] [stderr]     Checking crossbeam-deque v0.7.3
[INFO] [stderr]    Compiling ryu v1.0.5
[INFO] [stderr]    Compiling semver-parser v0.7.0
[INFO] [stderr]     Checking num_cpus v1.13.0
[INFO] [stderr]     Checking rand_os v0.1.3
[INFO] [stderr]     Checking wait-timeout v0.2.0
[INFO] [stderr]    Compiling version_check v0.9.2
[INFO] [stderr]     Checking arrayvec v0.5.1
[INFO] [stderr]    Compiling quote v0.6.13
[INFO] [stderr]     Checking rand_core v0.5.1
[INFO] [stderr]    Compiling proc-macro-hack v0.5.18
[INFO] [stderr]    Compiling semver v0.9.0
[INFO] [stderr]     Checking page_size v0.4.2
[INFO] [stderr]    Compiling tiny-keccak v2.0.2
[INFO] [stderr]     Checking rand_chacha v0.2.2
[INFO] [stderr]    Compiling rustc_version v0.2.3
[INFO] [stderr]     Checking rand v0.7.3
[INFO] [stderr]     Checking memadvise v0.1.2
[INFO] [stderr]    Compiling serde_json v1.0.59
[INFO] [stderr]     Checking itoa v0.4.6
[INFO] [stderr]    Compiling proc-macro-error-attr v1.0.4
[INFO] [stderr]     Checking atty v0.2.14
[INFO] [stderr]     Checking unicode-width v0.1.8
[INFO] [stderr]    Compiling proc-macro-error v1.0.4
[INFO] [stderr]     Checking aho-corasick v0.7.14
[INFO] [stderr]     Checking regex-automata v0.1.9
[INFO] [stderr]    Compiling cast v0.2.3
[INFO] [stderr]     Checking textwrap v0.11.0
[INFO] [stderr]     Checking thread_local v1.0.1
[INFO] [stderr]     Checking ansi_term v0.11.0
[INFO] [stderr]     Checking memmap v0.7.0
[INFO] [stderr]     Checking csv-core v0.1.10
[INFO] [stderr]     Checking half v1.6.0
[INFO] [stderr]     Checking clap v2.33.3
[INFO] [stderr]    Compiling unicode-segmentation v1.6.0
[INFO] [stderr]     Checking zkp-mmap-vec v0.2.0
[INFO] [stderr]     Checking walkdir v2.3.1
[INFO] [stderr]     Checking plotters v0.2.15
[INFO] [stderr]     Checking zkp-error-utils v0.2.0
[INFO] [stderr]     Checking oorandom v11.1.2
[INFO] [stderr]     Checking humantime v1.3.0
[INFO] [stderr]     Checking termcolor v1.1.0
[INFO] [stderr]     Checking rand_xoshiro v0.4.0
[INFO] [stderr]     Checking zkp-logging-allocator v0.2.0
[INFO] [stderr]     Checking criterion-plot v0.4.3
[INFO] [stderr]     Checking tempfile v3.1.0
[INFO] [stderr]    Compiling heck v0.3.1
[INFO] [stderr]     Checking rusty-fork v0.2.2
[INFO] [stderr]     Checking regex v1.4.1
[INFO] [stderr]     Checking proptest v0.9.6
[INFO] [stderr]     Checking env_logger v0.7.1
[INFO] [stderr]    Compiling zkp-macros-lib v0.2.0
[INFO] [stderr]    Compiling zkp-macros-impl v0.2.0
[INFO] [stderr]    Compiling thiserror-impl v1.0.21
[INFO] [stderr]    Compiling structopt-derive v0.4.13
[INFO] [stderr]    Compiling proptest-derive v0.1.2
[INFO] [stderr]     Checking zkp-macros-decl v0.2.0
[INFO] [stderr]     Checking thiserror v1.0.21
[INFO] [stderr]     Checking structopt v0.3.20
[INFO] [stderr]     Checking parity-scale-codec v1.3.5
[INFO] [stderr]     Checking bstr v0.2.14
[INFO] [stderr]     Checking serde_cbor v0.11.1
[INFO] [stderr]     Checking csv v1.1.3
[INFO] [stderr]     Checking tinytemplate v1.1.0
[INFO] [stderr]     Checking criterion v0.3.3
[INFO] [stderr]     Checking zkp-u256 v0.2.0
[INFO] [stderr]     Checking zkp-criterion-utils v0.2.0
[INFO] [stderr]     Checking zkp-primefield v0.2.0
[INFO] [stderr]     Checking zkp-hash v0.2.0
[INFO] [stderr]     Checking zkp-elliptic-curve v0.2.0
[INFO] [stderr]     Checking zkp-merkle-tree v0.2.0
[INFO] [stderr]     Checking zkp-elliptic-curve-crypto v0.2.0
[INFO] [stderr]     Checking zkp-stark v0.2.1 (/opt/rustwide/workdir)
[INFO] [stdout] error[E0453]: warn(unsafe_code) incompatible with previous forbid
[INFO] [stdout]   --> src/lib.rs:35:5
[INFO] [stdout]    |
[INFO] [stdout] 6  | #![forbid(unsafe_code)]
[INFO] [stdout]    |           ----------- `forbid` level set here
[INFO] [stdout] ...
[INFO] [stdout] 35 |     unsafe_code,
[INFO] [stdout]    |     ^^^^^^^^^^^ overruled by previous forbid
[INFO] [stdout] 
[INFO] [stdout] 
[INFO] [stdout] error[E0453]: allow(unsafe_code) incompatible with previous forbid
[INFO] [stdout]   --> src/polynomial.rs:99:17
[INFO] [stdout]    |
[INFO] [stdout] 99 |         #[allow(unsafe_code)]
[INFO] [stdout]    |                 ^^^^^^^^^^^ overruled by previous forbid
[INFO] [stdout]    |
[INFO] [stdout]   ::: src/lib.rs:6:11
[INFO] [stdout]    |
[INFO] [stdout] 6  | #![forbid(unsafe_code)]
[INFO] [stdout]    |           ----------- `forbid` level set here
[INFO] [stdout] 
[INFO] [stdout] 
[INFO] [stdout] error: usage of an `unsafe` block
[INFO] [stdout]    --> src/polynomial.rs:100:49
[INFO] [stdout]     |
[INFO] [stdout] 100 |         let mut result: MmapVec<FieldElement> = unsafe { MmapVec::zero_initialized(length) };
[INFO] [stdout]     |                                                 ^^^^^^^^^^^^^^^^^^^^^^^^^^^^^^^^^^^^^^^^^^^^
[INFO] [stdout]     |
[INFO] [stdout] note: the lint level is defined here
[INFO] [stdout]    --> src/lib.rs:6:11
[INFO] [stdout]     |
[INFO] [stdout] 6   | #![forbid(unsafe_code)]
[INFO] [stdout]     |           ^^^^^^^^^^^
[INFO] [stdout] 
[INFO] [stdout] 
[INFO] [stdout] warning: unnecessary parentheses around match arm expression
[INFO] [stdout]   --> src/component/test.rs:76:40
[INFO] [stdout]    |
[INFO] [stdout] 76 |                     (0, _) | (1, _) => (X - omega.pow(0)),
[INFO] [stdout]    |                                        ^                ^
[INFO] [stdout]    |
[INFO] [stdout] note: the lint level is defined here
[INFO] [stdout]   --> src/lib.rs:14:5
[INFO] [stdout]    |
[INFO] [stdout] 14 |     unused,
[INFO] [stdout]    |     ^^^^^^
[INFO] [stdout]    = note: `#[warn(unused_parens)]` implied by `#[warn(unused)]`
[INFO] [stdout] help: remove these parentheses
[INFO] [stdout]    |
[INFO] [stdout] 76 -                     (0, _) | (1, _) => (X - omega.pow(0)),
[INFO] [stdout] 76 +                     (0, _) | (1, _) => X - omega.pow(0),
[INFO] [stdout]    |
[INFO] [stdout] 
[INFO] [stdout] 
[INFO] [stdout] warning: unnecessary parentheses around index expression
[INFO] [stdout]    --> src/prover.rs:112:28
[INFO] [stdout]     |
[INFO] [stdout] 112 |                 self.layer[(index * self.coset_size + j)]
[INFO] [stdout]     |                            ^                           ^
[INFO] [stdout]     |
[INFO] [stdout] help: remove these parentheses
[INFO] [stdout]     |
[INFO] [stdout] 112 -                 self.layer[(index * self.coset_size + j)]
[INFO] [stdout] 112 +                 self.layer[index * self.coset_size + j]
[INFO] [stdout]     |
[INFO] [stdout] 
[INFO] [stdout] 
[INFO] [stdout] warning: unnecessary parentheses around index expression
[INFO] [stdout]    --> src/prover.rs:128:42
[INFO] [stdout]     |
[INFO] [stdout] 128 |                 hasher.update(self.layer[(index * self.coset_size + j)].hash().as_bytes());
[INFO] [stdout]     |                                          ^                           ^
[INFO] [stdout]     |
[INFO] [stdout] help: remove these parentheses
[INFO] [stdout]     |
[INFO] [stdout] 128 -                 hasher.update(self.layer[(index * self.coset_size + j)].hash().as_bytes());
[INFO] [stdout] 128 +                 hasher.update(self.layer[index * self.coset_size + j].hash().as_bytes());
[INFO] [stdout]     |
[INFO] [stdout] 
[INFO] [stdout] 
[INFO] [stdout] error[E0453]: warn(unsafe_code) incompatible with previous forbid
[INFO] [stdout]   --> src/lib.rs:35:5
[INFO] [stdout]    |
[INFO] [stdout] 6  | #![forbid(unsafe_code)]
[INFO] [stdout]    |           ----------- `forbid` level set here
[INFO] [stdout] ...
[INFO] [stdout] 35 |     unsafe_code,
[INFO] [stdout]    |     ^^^^^^^^^^^ overruled by previous forbid
[INFO] [stdout] 
[INFO] [stdout] 
[INFO] [stdout] warning: use of associated function `core::num::<impl u64>::max_value` that will be deprecated in a future Rust version: replaced by the `MAX` associated constant on this type
[INFO] [stdout]   --> src/proof_of_work.rs:84:47
[INFO] [stdout]    |
[INFO] [stdout] 84 |         let first_nonce = AtomicU64::new(u64::max_value());
[INFO] [stdout]    |                                               ^^^^^^^^^
[INFO] [stdout]    |
[INFO] [stdout] note: the lint level is defined here
[INFO] [stdout]   --> src/lib.rs:23:5
[INFO] [stdout]    |
[INFO] [stdout] 23 |     deprecated_in_future,
[INFO] [stdout]    |     ^^^^^^^^^^^^^^^^^^^^
[INFO] [stdout] 
[INFO] [stdout] 
[INFO] [stdout] error[E0453]: allow(unsafe_code) incompatible with previous forbid
[INFO] [stdout]   --> src/polynomial.rs:99:17
[INFO] [stdout]    |
[INFO] [stdout] 99 |         #[allow(unsafe_code)]
[INFO] [stdout]    |                 ^^^^^^^^^^^ overruled by previous forbid
[INFO] [stdout]    |
[INFO] [stdout]   ::: src/lib.rs:6:11
[INFO] [stdout]    |
[INFO] [stdout] 6  | #![forbid(unsafe_code)]
[INFO] [stdout]    |           ----------- `forbid` level set here
[INFO] [stdout] 
[INFO] [stdout] 
[INFO] [stdout] error: usage of an `unsafe` block
[INFO] [stdout]    --> src/polynomial.rs:100:49
[INFO] [stdout]     |
[INFO] [stdout] 100 |         let mut result: MmapVec<FieldElement> = unsafe { MmapVec::zero_initialized(length) };
[INFO] [stdout]     |                                                 ^^^^^^^^^^^^^^^^^^^^^^^^^^^^^^^^^^^^^^^^^^^^
[INFO] [stdout]     |
[INFO] [stdout] note: the lint level is defined here
[INFO] [stdout]    --> src/lib.rs:6:11
[INFO] [stdout]     |
[INFO] [stdout] 6   | #![forbid(unsafe_code)]
[INFO] [stdout]     |           ^^^^^^^^^^^
[INFO] [stdout] 
[INFO] [stdout] 
[INFO] [stdout] warning: unnecessary parentheses around match arm expression
[INFO] [stdout]   --> src/component/test.rs:76:40
[INFO] [stdout]    |
[INFO] [stdout] 76 |                     (0, _) | (1, _) => (X - omega.pow(0)),
[INFO] [stdout]    |                                        ^                ^
[INFO] [stdout]    |
[INFO] [stdout] note: the lint level is defined here
[INFO] [stdout]   --> src/lib.rs:14:5
[INFO] [stdout]    |
[INFO] [stdout] 14 |     unused,
[INFO] [stdout]    |     ^^^^^^
[INFO] [stdout]    = note: `#[warn(unused_parens)]` implied by `#[warn(unused)]`
[INFO] [stdout] help: remove these parentheses
[INFO] [stdout]    |
[INFO] [stdout] 76 -                     (0, _) | (1, _) => (X - omega.pow(0)),
[INFO] [stdout] 76 +                     (0, _) | (1, _) => X - omega.pow(0),
[INFO] [stdout]    |
[INFO] [stdout] 
[INFO] [stdout] 
[INFO] [stdout] warning: unnecessary parentheses around index expression
[INFO] [stdout]    --> src/prover.rs:112:28
[INFO] [stdout]     |
[INFO] [stdout] 112 |                 self.layer[(index * self.coset_size + j)]
[INFO] [stdout]     |                            ^                           ^
[INFO] [stdout]     |
[INFO] [stdout] help: remove these parentheses
[INFO] [stdout]     |
[INFO] [stdout] 112 -                 self.layer[(index * self.coset_size + j)]
[INFO] [stdout] 112 +                 self.layer[index * self.coset_size + j]
[INFO] [stdout]     |
[INFO] [stdout] 
[INFO] [stdout] 
[INFO] [stdout] warning: unnecessary parentheses around index expression
[INFO] [stdout]    --> src/prover.rs:128:42
[INFO] [stdout]     |
[INFO] [stdout] 128 |                 hasher.update(self.layer[(index * self.coset_size + j)].hash().as_bytes());
[INFO] [stdout]     |                                          ^                           ^
[INFO] [stdout]     |
[INFO] [stdout] help: remove these parentheses
[INFO] [stdout]     |
[INFO] [stdout] 128 -                 hasher.update(self.layer[(index * self.coset_size + j)].hash().as_bytes());
[INFO] [stdout] 128 +                 hasher.update(self.layer[index * self.coset_size + j].hash().as_bytes());
[INFO] [stdout]     |
[INFO] [stdout] 
[INFO] [stdout] 
[INFO] [stdout] warning: use of associated function `core::num::<impl u64>::max_value` that will be deprecated in a future Rust version: replaced by the `MAX` associated constant on this type
[INFO] [stdout]   --> src/proof_of_work.rs:84:47
[INFO] [stdout]    |
[INFO] [stdout] 84 |         let first_nonce = AtomicU64::new(u64::max_value());
[INFO] [stdout]    |                                               ^^^^^^^^^
[INFO] [stdout]    |
[INFO] [stdout] note: the lint level is defined here
[INFO] [stdout]   --> src/lib.rs:23:5
[INFO] [stdout]    |
[INFO] [stdout] 23 |     deprecated_in_future,
[INFO] [stdout]    |     ^^^^^^^^^^^^^^^^^^^^
[INFO] [stdout] 
[INFO] [stdout] 
[INFO] [stdout] error: aborting due to 3 previous errors; 4 warnings emitted
[INFO] [stdout] 
[INFO] [stdout] 
[INFO] [stdout] For more information about this error, try `rustc --explain E0453`.
[INFO] [stdout] 
[INFO] [stderr] error: could not compile `zkp-stark` (lib) due to 4 previous errors; 4 warnings emitted
[INFO] [stderr] warning: build failed, waiting for other jobs to finish...
[INFO] [stdout] error: aborting due to 3 previous errors; 4 warnings emitted
[INFO] [stdout] 
[INFO] [stdout] 
[INFO] [stdout] For more information about this error, try `rustc --explain E0453`.
[INFO] [stdout] 
[INFO] [stderr] error: could not compile `zkp-stark` (lib test) due to 4 previous errors; 4 warnings emitted
[INFO] running `Command { std: "docker" "inspect" "d5e3dc5a093c2684f0a485ad62067acc76521c89b81e4f4e27bc8fcd00b7212f", kill_on_drop: false }`
[INFO] running `Command { std: "docker" "rm" "-f" "d5e3dc5a093c2684f0a485ad62067acc76521c89b81e4f4e27bc8fcd00b7212f", kill_on_drop: false }`
[INFO] [stdout] d5e3dc5a093c2684f0a485ad62067acc76521c89b81e4f4e27bc8fcd00b7212f
